{"id":122,"date":"2024-03-23T09:47:03","date_gmt":"2024-03-23T09:47:03","guid":{"rendered":"https:\/\/www.tlumaczwietnamskiego.pl\/?page_id=122"},"modified":"2024-03-24T07:36:45","modified_gmt":"2024-03-24T07:36:45","slug":"polska-wietnam","status":"publish","type":"page","link":"https:\/\/www.tlumaczwietnamskiego.pl\/index.php\/polska-wietnam\/","title":{"rendered":"Polska-Wietnam"},"content":{"rendered":"\t\t<div data-elementor-type=\"wp-page\" data-elementor-id=\"122\" class=\"elementor elementor-122\">\n\t\t\t\t<div class=\"elementor-element elementor-element-53f396b e-flex e-con-boxed e-con e-parent\" data-id=\"53f396b\" data-element_type=\"container\">\n\t\t\t\t\t<div class=\"e-con-inner\">\n\t\t\t\t\t<\/div>\n\t\t\t\t<\/div>\n\t\t<div class=\"elementor-element elementor-element-e88639e e-flex e-con-boxed e-con e-parent\" data-id=\"e88639e\" data-element_type=\"container\">\n\t\t\t\t\t<div class=\"e-con-inner\">\n\t\t<div class=\"elementor-element elementor-element-a243ac4 e-con-full e-flex e-con e-child\" data-id=\"a243ac4\" data-element_type=\"container\">\n\t\t\t\t<div class=\"elementor-element elementor-element-9644c9b elementor-widget elementor-widget-text-editor\" data-id=\"9644c9b\" data-element_type=\"widget\" data-widget_type=\"text-editor.default\">\n\t\t\t\t<div class=\"elementor-widget-container\">\n\t\t\t<style>\/*! elementor - v3.23.0 - 05-08-2024 *\/\n.elementor-widget-text-editor.elementor-drop-cap-view-stacked .elementor-drop-cap{background-color:#69727d;color:#fff}.elementor-widget-text-editor.elementor-drop-cap-view-framed .elementor-drop-cap{color:#69727d;border:3px solid;background-color:transparent}.elementor-widget-text-editor:not(.elementor-drop-cap-view-default) .elementor-drop-cap{margin-top:8px}.elementor-widget-text-editor:not(.elementor-drop-cap-view-default) .elementor-drop-cap-letter{width:1em;height:1em}.elementor-widget-text-editor .elementor-drop-cap{float:left;text-align:center;line-height:1;font-size:50px}.elementor-widget-text-editor .elementor-drop-cap-letter{display:inline-block}<\/style>\t\t\t\t<p>T\u0142umaczenia biznesowe, handlowe le\u017c\u0105 w szczeg\u00f3lnym kr\u0119gu moich zainteresowa\u0144. Bezpo\u015brednio wi\u0105\u017ce si\u0119 to z\u00a0moimi staraniami \u0142\u0105czenia przedsi\u0119wzi\u0119\u0107 biznesowych obu kraj\u00f3w. Z przyjemno\u015bci\u0105 uczestnicz\u0119 lub po\u015brednicz\u0119 w spotkaniach, kt\u00f3rych celem jest nawi\u0105zanie wsp\u00f3\u0142pracy na poziomie mi\u0119dzynarodowym. Wierz\u0119, \u017ce tak prowadzony biznes nie tylko pozwala na rozw\u00f3j firmy i\u00a0powi\u0119kszenie zysk\u00f3w, a\u00a0tak\u017ce ubogaca ka\u017cdego, kto bierze w\u00a0tym udzia\u0142, jak i bezpo\u015brednio przek\u0142ada si\u0119 na lepsze kontakty i\u00a0zrozumienie Wietnamczyk\u00f3w i\u00a0Polak\u00f3w, a\u00a0tak\u017ce ich rozw\u00f3j ekonomiczny.<\/p><ul><li style=\"list-style-type: none;\"><ul><li>Pomagamy w nawi\u0105zywaniu kontakt\u00f3w handlowych z partnerami<br \/>wietnamskimi i polskimi<\/li><\/ul><\/li><\/ul><ul><li style=\"list-style-type: none;\"><ul><li>Pomagamy przy zawarciu um\u00f3w z partnerem zagranicznym<\/li><\/ul><\/li><\/ul><ul><li style=\"list-style-type: none;\"><ul><li>Pomagamy w kontaktach z partnerem pochodz\u0105cym z odmiennej kultury<br \/>w ich nawi\u0105zaniu i rozszerzeniu.<\/li><\/ul><\/li><\/ul>\t\t\t\t\t\t<\/div>\n\t\t\t\t<\/div>\n\t\t\t\t<\/div>\n\t\t<div class=\"elementor-element elementor-element-5705c3b e-con-full e-flex e-con e-child\" data-id=\"5705c3b\" data-element_type=\"container\">\n\t\t\t\t<div class=\"elementor-element elementor-element-e4c0195 elementor-widget elementor-widget-image\" data-id=\"e4c0195\" data-element_type=\"widget\" data-widget_type=\"image.default\">\n\t\t\t\t<div class=\"elementor-widget-container\">\n\t\t\t<style>\/*! elementor - v3.23.0 - 05-08-2024 *\/\n.elementor-widget-image{text-align:center}.elementor-widget-image a{display:inline-block}.elementor-widget-image a img[src$=\".svg\"]{width:48px}.elementor-widget-image img{vertical-align:middle;display:inline-block}<\/style>\t\t\t\t\t\t\t\t\t\t<img fetchpriority=\"high\" decoding=\"async\" width=\"442\" height=\"700\" src=\"https:\/\/www.tlumaczwietnamskiego.pl\/wp-content\/uploads\/2024\/03\/zdjecie_polskawietnam-e1711266139527.jpg\" class=\"attachment-large size-large wp-image-17\" alt=\"\" srcset=\"https:\/\/www.tlumaczwietnamskiego.pl\/wp-content\/uploads\/2024\/03\/zdjecie_polskawietnam-e1711266139527.jpg 442w, https:\/\/www.tlumaczwietnamskiego.pl\/wp-content\/uploads\/2024\/03\/zdjecie_polskawietnam-e1711266139527-189x300.jpg 189w\" sizes=\"(max-width: 442px) 100vw, 442px\" \/>\t\t\t\t\t\t\t\t\t\t\t\t\t<\/div>\n\t\t\t\t<\/div>\n\t\t\t\t<\/div>\n\t\t\t\t\t<\/div>\n\t\t\t\t<\/div>\n\t\t\t\t<\/div>\n\t\t","protected":false},"excerpt":{"rendered":"<p>T\u0142umaczenia biznesowe, handlowe le\u017c\u0105 w szczeg\u00f3lnym kr\u0119gu moich zainteresowa\u0144. Bezpo\u015brednio wi\u0105\u017ce si\u0119 to z\u00a0moimi staraniami \u0142\u0105czenia przedsi\u0119wzi\u0119\u0107 biznesowych obu kraj\u00f3w. [&hellip;]<\/p>\n","protected":false},"author":1,"featured_media":0,"parent":0,"menu_order":0,"comment_status":"closed","ping_status":"closed","template":"","meta":{"site-sidebar-layout":"no-sidebar","site-content-layout":"","ast-site-content-layout":"full-width-container","site-content-style":"default","site-sidebar-style":"default","ast-global-header-display":"","ast-banner-title-visibility":"","ast-main-header-display":"","ast-hfb-above-header-display":"","ast-hfb-below-header-display":"","ast-hfb-mobile-header-display":"","site-post-title":"disabled","ast-breadcrumbs-content":"","ast-featured-img":"disabled","footer-sml-layout":"","theme-transparent-header-meta":"","adv-header-id-meta":"","stick-header-meta":"","header-above-stick-meta":"","header-main-stick-meta":"","header-below-stick-meta":"","astra-migrate-meta-layouts":"default","ast-page-background-enabled":"default","ast-page-background-meta":{"desktop":{"background-color":"var(--ast-global-color-4)","background-image":"","background-repeat":"repeat","background-position":"center center","background-size":"auto","background-attachment":"scroll","background-type":"","background-media":"","overlay-type":"","overlay-color":"","overlay-gradient":""},"tablet":{"background-color":"","background-image":"","background-repeat":"repeat","background-position":"center center","background-size":"auto","background-attachment":"scroll","background-type":"","background-media":"","overlay-type":"","overlay-color":"","overlay-gradient":""},"mobile":{"background-color":"","background-image":"","background-repeat":"repeat","background-position":"center center","background-size":"auto","background-attachment":"scroll","background-type":"","background-media":"","overlay-type":"","overlay-color":"","overlay-gradient":""}},"ast-content-background-meta":{"desktop":{"background-color":"var(--ast-global-color-5)","background-image":"","background-repeat":"repeat","background-position":"center center","background-size":"auto","background-attachment":"scroll","background-type":"","background-media":"","overlay-type":"","overlay-color":"","overlay-gradient":""},"tablet":{"background-color":"var(--ast-global-color-5)","background-image":"","background-repeat":"repeat","background-position":"center center","background-size":"auto","background-attachment":"scroll","background-type":"","background-media":"","overlay-type":"","overlay-color":"","overlay-gradient":""},"mobile":{"background-color":"var(--ast-global-color-5)","background-image":"","background-repeat":"repeat","background-position":"center center","background-size":"auto","background-attachment":"scroll","background-type":"","background-media":"","overlay-type":"","overlay-color":"","overlay-gradient":""}},"footnotes":""},"class_list":["post-122","page","type-page","status-publish","hentry"],"_links":{"self":[{"href":"https:\/\/www.tlumaczwietnamskiego.pl\/index.php\/wp-json\/wp\/v2\/pages\/122","targetHints":{"allow":["GET"]}}],"collection":[{"href":"https:\/\/www.tlumaczwietnamskiego.pl\/index.php\/wp-json\/wp\/v2\/pages"}],"about":[{"href":"https:\/\/www.tlumaczwietnamskiego.pl\/index.php\/wp-json\/wp\/v2\/types\/page"}],"author":[{"embeddable":true,"href":"https:\/\/www.tlumaczwietnamskiego.pl\/index.php\/wp-json\/wp\/v2\/users\/1"}],"replies":[{"embeddable":true,"href":"https:\/\/www.tlumaczwietnamskiego.pl\/index.php\/wp-json\/wp\/v2\/comments?post=122"}],"version-history":[{"count":0,"href":"https:\/\/www.tlumaczwietnamskiego.pl\/index.php\/wp-json\/wp\/v2\/pages\/122\/revisions"}],"wp:attachment":[{"href":"https:\/\/www.tlumaczwietnamskiego.pl\/index.php\/wp-json\/wp\/v2\/media?parent=122"}],"curies":[{"name":"wp","href":"https:\/\/api.w.org\/{rel}","templated":true}]}}